{"id":4448,"date":"2025-01-13T19:48:10","date_gmt":"2025-01-13T19:48:10","guid":{"rendered":"https:\/\/giram.ca\/?page_id=4448"},"modified":"2025-01-14T11:42:22","modified_gmt":"2025-01-14T11:42:22","slug":"prix-2018","status":"publish","type":"page","link":"http:\/\/giram.ca\/?page_id=4448","title":{"rendered":"Prix 2018"},"content":{"rendered":"\n<p>Prix Corniches d\u2019or du GIRAM<\/p>\n\n\n\n<p>Les laur\u00e9ats 2018<\/p>\n\n\n\n<p>Le dimanche 25 mars 2018, le Groupe d\u2019initiatives et de recherches appliqu\u00e9es au milieu (GIRAM) remettait ses traditionnelles&nbsp;Corniches d\u2019or&nbsp;dans les trois champs qui, depuis 35 ans, correspondent \u00e0 sa mission : le patrimoine, l\u2019environnement et l\u2019am\u00e9nagement\/embellissement du territoire.<\/p>\n\n\n\n<p>En <strong>patrimoine<\/strong>, la&nbsp;Corniche d\u2019or&nbsp;a \u00e9t\u00e9 attribu\u00e9e \u00e0 la <strong>Maison Bergeron <\/strong>restaur\u00e9e avec soin et avec science par ses propri\u00e9taires <strong>H\u00e9l\u00e8ne Bernier et Paul Montminy<\/strong>. En plus de ce travail exceptionnel, le GIRAM reconna\u00eet l\u2019engagement ind\u00e9fectible des laur\u00e9ats, depuis 40 ans, dans la mise en valeur de leur village, Saint-Nicolas.<\/p>\n\n\n\n<figure class=\"wp-block-image size-full is-resized\"><a href=\"https:\/\/giram.ca\/wp\/wp-content\/uploads\/2018\/02\/Maison-Bergeron-Photo-M-J-Desch\u00eanes.jpeg\"><img loading=\"lazy\" decoding=\"async\" width=\"320\" height=\"214\" src=\"https:\/\/giram.ca\/wp\/wp-content\/uploads\/2018\/02\/Maison-Bergeron-Photo-M-J-Desch\u00eanes.jpeg\" alt=\"\" class=\"wp-image-967\" style=\"width:682px;height:auto\" srcset=\"http:\/\/giram.ca\/wp\/wp-content\/uploads\/2018\/02\/Maison-Bergeron-Photo-M-J-Desch\u00eanes.jpeg 320w, http:\/\/giram.ca\/wp\/wp-content\/uploads\/2018\/02\/Maison-Bergeron-Photo-M-J-Desch\u00eanes-300x201.jpeg 300w\" sizes=\"auto, (max-width: 320px) 100vw, 320px\" \/><\/a><\/figure>\n\n\n\n<p>En <strong>environnement<\/strong>, l\u2019entreprise d\u2019\u00e9conomie sociale et solidaire <strong>\u00c9colivres de L\u00e9vis<\/strong> a re\u00e7u la reconnaissance du GIRAM pour son d\u00e9veloppement dans une perspective durable. Pierre Auger, le laur\u00e9at a expliqu\u00e9 que par le biais du r\u00e9emploi et du recyclage, c\u2019est 7&nbsp;000 arbres qui ont \u00e9t\u00e9 sauv\u00e9s cette ann\u00e9e et 25 emplois qui ont \u00e9t\u00e9 cr\u00e9\u00e9s. L\u2019entreprise est en expansion et son directeur \u00e9tait fier d\u2019annoncer l\u2019ouverture d\u2019une deuxi\u00e8me succursale, \u00e0 Saint-Romuald, une librairie-caf\u00e9, preuve de l\u2019efficacit\u00e9 de ce type d\u2019\u00e9conomie.<\/p>\n\n\n\n<figure class=\"wp-block-image size-full is-resized\"><a href=\"https:\/\/giram.ca\/wp\/wp-content\/uploads\/2018\/02\/\u00c9colivres-Saint-Romualdphoto-\u00c9colivres.jpeg\"><img loading=\"lazy\" decoding=\"async\" width=\"320\" height=\"214\" src=\"https:\/\/giram.ca\/wp\/wp-content\/uploads\/2018\/02\/\u00c9colivres-Saint-Romualdphoto-\u00c9colivres.jpeg\" alt=\"\" class=\"wp-image-968\" style=\"width:691px;height:auto\" srcset=\"http:\/\/giram.ca\/wp\/wp-content\/uploads\/2018\/02\/\u00c9colivres-Saint-Romualdphoto-\u00c9colivres.jpeg 320w, http:\/\/giram.ca\/wp\/wp-content\/uploads\/2018\/02\/\u00c9colivres-Saint-Romualdphoto-\u00c9colivres-300x201.jpeg 300w\" sizes=\"auto, (max-width: 320px) 100vw, 320px\" \/><\/a><\/figure>\n\n\n\n<p>La&nbsp;Corniche d\u2019or&nbsp;en <strong>Am\u00e9nagement\/embellissement<\/strong>&nbsp;est all\u00e9e \u00e0 la <strong>passerelle cyclable Harlaka<\/strong> qui, en enjambant \u00e9l\u00e9gamment l\u2019autoroute Jean-Lesage, relie le Parcours des Anses de L\u00e9vis \u00e0 la Cycloroute de Bellechasse. L\u2019attribution de ce prix reconnaissait le travail soutenu du maire de L\u00e9vis, <strong>Gilles Lehouillier,<\/strong> dans la r\u00e9alisation de ce projet, ainsi que celui de l\u2019\u00e9quipe de conception, soit les trois ing\u00e9nieurs de la firme Tetra Tech : Pierre-Olivier Asselin. Mathieu Bouchard et Alain Lessard.<\/p>\n\n\n\n<figure class=\"wp-block-image size-full is-resized\"><a href=\"https:\/\/giram.ca\/wp\/wp-content\/uploads\/2025\/01\/passerelleharlakalarge2-1634975889.jpg\"><img loading=\"lazy\" decoding=\"async\" width=\"800\" height=\"528\" src=\"https:\/\/giram.ca\/wp\/wp-content\/uploads\/2025\/01\/passerelleharlakalarge2-1634975889.jpg\" alt=\"\" class=\"wp-image-4459\" style=\"width:702px;height:auto\" srcset=\"http:\/\/giram.ca\/wp\/wp-content\/uploads\/2025\/01\/passerelleharlakalarge2-1634975889.jpg 800w, http:\/\/giram.ca\/wp\/wp-content\/uploads\/2025\/01\/passerelleharlakalarge2-1634975889-300x198.jpg 300w, http:\/\/giram.ca\/wp\/wp-content\/uploads\/2025\/01\/passerelleharlakalarge2-1634975889-768x507.jpg 768w\" sizes=\"auto, (max-width: 800px) 100vw, 800px\" \/><\/a><\/figure>\n","protected":false},"excerpt":{"rendered":"<p>Prix Corniches d\u2019or du GIRAM Les laur\u00e9ats 2018 Le dimanche 25 mars 2018, le Groupe d\u2019initiatives et de recherches appliqu\u00e9es au milieu (GIRAM) remettait ses traditionnelles&nbsp;Corniches d\u2019or&nbsp;dans les trois champs qui, depuis 35 ans, correspondent \u00e0 sa mission : le patrimoine, l\u2019environnement et l\u2019am\u00e9nagement\/embellissement du territoire. En patrimoine, la&nbsp;Corniche d\u2019or&nbsp;a \u00e9t\u00e9 attribu\u00e9e \u00e0 la Maison&hellip;<\/p>\n","protected":false},"author":2,"featured_media":0,"parent":0,"menu_order":0,"comment_status":"closed","ping_status":"closed","template":"","meta":{"footnotes":""},"class_list":["post-4448","page","type-page","status-publish","hentry"],"_links":{"self":[{"href":"http:\/\/giram.ca\/index.php?rest_route=\/wp\/v2\/pages\/4448","targetHints":{"allow":["GET"]}}],"collection":[{"href":"http:\/\/giram.ca\/index.php?rest_route=\/wp\/v2\/pages"}],"about":[{"href":"http:\/\/giram.ca\/index.php?rest_route=\/wp\/v2\/types\/page"}],"author":[{"embeddable":true,"href":"http:\/\/giram.ca\/index.php?rest_route=\/wp\/v2\/users\/2"}],"replies":[{"embeddable":true,"href":"http:\/\/giram.ca\/index.php?rest_route=%2Fwp%2Fv2%2Fcomments&post=4448"}],"version-history":[{"count":4,"href":"http:\/\/giram.ca\/index.php?rest_route=\/wp\/v2\/pages\/4448\/revisions"}],"predecessor-version":[{"id":4464,"href":"http:\/\/giram.ca\/index.php?rest_route=\/wp\/v2\/pages\/4448\/revisions\/4464"}],"wp:attachment":[{"href":"http:\/\/giram.ca\/index.php?rest_route=%2Fwp%2Fv2%2Fmedia&parent=4448"}],"curies":[{"name":"wp","href":"https:\/\/api.w.org\/{rel}","templated":true}]}}

<p>Prix Corniches d’or du GIRAM</p>



<p>Les lauréats 2018</p>



<p>Le dimanche 25 mars 2018, le Groupe d’initiatives et de recherches appliquées au milieu (GIRAM) remettait ses traditionnelles&nbsp;Corniches d’or&nbsp;dans les trois champs qui, depuis 35 ans, correspondent à sa mission : le patrimoine, l’environnement et l’aménagement/embellissement du territoire.</p>



<p>En <strong>patrimoine</strong>, la&nbsp;Corniche d’or&nbsp;a été attribuée à la <strong>Maison Bergeron </strong>restaurée avec soin et avec science par ses propriétaires <strong>Hélène Bernier et Paul Montminy</strong>. En plus de ce travail exceptionnel, le GIRAM reconnaît l’engagement indéfectible des lauréats, depuis 40 ans, dans la mise en valeur de leur village, Saint-Nicolas.</p>



<figure class="wp-block-image size-full is-resized"><a href="https://giram.ca/wp/wp-content/uploads/2018/02/Maison-Bergeron-Photo-M-J-Deschênes.jpeg"><img loading="lazy" decoding="async" width="320" height="214" src="https://giram.ca/wp/wp-content/uploads/2018/02/Maison-Bergeron-Photo-M-J-Deschênes.jpeg" alt="" class="wp-image-967" style="width:682px;height:auto" srcset="http://giram.ca/wp/wp-content/uploads/2018/02/Maison-Bergeron-Photo-M-J-Deschênes.jpeg 320w, http://giram.ca/wp/wp-content/uploads/2018/02/Maison-Bergeron-Photo-M-J-Deschênes-300x201.jpeg 300w" sizes="auto, (max-width: 320px) 100vw, 320px" /></a></figure>



<p>En <strong>environnement</strong>, l’entreprise d’économie sociale et solidaire <strong>Écolivres de Lévis</strong> a reçu la reconnaissance du GIRAM pour son développement dans une perspective durable. Pierre Auger, le lauréat a expliqué que par le biais du réemploi et du recyclage, c’est 7&nbsp;000 arbres qui ont été sauvés cette année et 25 emplois qui ont été créés. L’entreprise est en expansion et son directeur était fier d’annoncer l’ouverture d’une deuxième succursale, à Saint-Romuald, une librairie-café, preuve de l’efficacité de ce type d’économie.</p>



<figure class="wp-block-image size-full is-resized"><a href="https://giram.ca/wp/wp-content/uploads/2018/02/Écolivres-Saint-Romualdphoto-Écolivres.jpeg"><img loading="lazy" decoding="async" width="320" height="214" src="https://giram.ca/wp/wp-content/uploads/2018/02/Écolivres-Saint-Romualdphoto-Écolivres.jpeg" alt="" class="wp-image-968" style="width:691px;height:auto" srcset="http://giram.ca/wp/wp-content/uploads/2018/02/Écolivres-Saint-Romualdphoto-Écolivres.jpeg 320w, http://giram.ca/wp/wp-content/uploads/2018/02/Écolivres-Saint-Romualdphoto-Écolivres-300x201.jpeg 300w" sizes="auto, (max-width: 320px) 100vw, 320px" /></a></figure>



<p>La&nbsp;Corniche d’or&nbsp;en <strong>Aménagement/embellissement</strong>&nbsp;est allée à la <strong>passerelle cyclable Harlaka</strong> qui, en enjambant élégamment l’autoroute Jean-Lesage, relie le Parcours des Anses de Lévis à la Cycloroute de Bellechasse. L’attribution de ce prix reconnaissait le travail soutenu du maire de Lévis, <strong>Gilles Lehouillier,</strong> dans la réalisation de ce projet, ainsi que celui de l’équipe de conception, soit les trois ingénieurs de la firme Tetra Tech : Pierre-Olivier Asselin. Mathieu Bouchard et Alain Lessard.</p>



<figure class="wp-block-image size-full is-resized"><a href="https://giram.ca/wp/wp-content/uploads/2025/01/passerelleharlakalarge2-1634975889.jpg"><img loading="lazy" decoding="async" width="800" height="528" src="https://giram.ca/wp/wp-content/uploads/2025/01/passerelleharlakalarge2-1634975889.jpg" alt="" class="wp-image-4459" style="width:702px;height:auto" srcset="http://giram.ca/wp/wp-content/uploads/2025/01/passerelleharlakalarge2-1634975889.jpg 800w, http://giram.ca/wp/wp-content/uploads/2025/01/passerelleharlakalarge2-1634975889-300x198.jpg 300w, http://giram.ca/wp/wp-content/uploads/2025/01/passerelleharlakalarge2-1634975889-768x507.jpg 768w" sizes="auto, (max-width: 800px) 100vw, 800px" /></a></figure>

<p>Prix Corniches d’or du GIRAM Les lauréats 2018 Le dimanche 25 mars 2018, le Groupe d’initiatives et de recherches appliquées au milieu (GIRAM) remettait ses traditionnelles&nbsp;Corniches d’or&nbsp;dans les trois champs qui, depuis 35 ans, correspondent à sa mission : le patrimoine, l’environnement et l’aménagement/embellissement du territoire. En patrimoine, la&nbsp;Corniche d’or&nbsp;a été attribuée à la Maison&hellip;</p>
